2 - 8*i + 8. Let p(n) = n**3 - 6*n**2 - 7*n + 7. Let g(w) = -6*p(w) + 5*v(w). Determine g(2).
-2
Let n(q) = q**3 + q - 1. Let g(o) = -5*o**3 + 4*o**2 - 4*o + 5. Let w be 2/((-2 + -2)/2). Let m(p) = w*g(p) - 4*n(p). Let l = -6 - -9. Give m(l).
-10
Let a(y) be the second derivative of 4*y**2 + 1/6*y**3 + 0 + 1/60*y**5 + 7*y + 1/4*y**4. Let l(o) be the first derivative of a(o). Determine l(-4).
-7
Let g(z) = -2*z + 5. Let p(n) = 1. Let i(v) = g(v) - 6*p(v). Give i(-12).
23
Let n(r) = -6*r - 42 + 84 + r**2 - 44. Calculate n(6).
-2
Let u = 9 + -15. Let v be 9/(-6)*40/u. Let y be ((-45)/v)/((-3)/(-4)). Let o(b) = b**2 + 4*b - 7. Determine o(y).
5
Let w(z) = -4*z**2 - 4*z - 5. Let n(b) = 9*b**2 + 9*b + 12. Let v(a) = 3*n(a) + 7*w(a). Calculate v(2).
-5
Let w(h) = 2*h - 6 - 3*h + 0. Let z(s) = s + 7. Let p(d) = -2*w(d) - 3*z(d). Suppose -10*k = 5*k. Determine p(k).
-9
Let s(n) be the first derivative of -n**4/4 - n**3/3 + n**2/2 - 7*n + 3814. Let t(y) = y**2 - 4*y + 3. Let b be t(3). Give s(b).
-7
Let f(o) = -o**3 + o**2 - 2*o - 1. Let a(r) = -5*r - 10. Let d be a(-7). Suppose 10 = 5*w - 5*g - d, 5*g + 19 = -3*w. Determine f(w).
-9
Let m(c) be the first derivative of -c**2/2 - 11*c + 217. Let p(l) = -2*l - 1. Let v be p(4). Give m(v).
-2
Let i = -22 + 10. Let x = i + 17. Let k(t) = -2*t + 2. Let d(b) = 3*b - 2. Let q(g) = -4*d(g) - 7*k(g). Determine q(x).
4
Let y(f) = -f**2 - 37*f + 176. Let v be y(-41). Let u(g) = g**3 - 10*g**2 - 25*g + 14. What is u(v)?
2
Let f(o) = 3*o - 6 - o**2 + 0*o + 5. Let z(u) = u**2 + 11*u + 13. Let d be z(-10). Determine f(d).
-1
Let b be (1 + 0)*(11 + -5). Let a(s) = 24*s - 6. Let t(d) be the second derivative of -5*d**3/6 + d**2/2 - 4*d. Let l(g) = 6*a(g) + 28*t(g). What is l(b)?
16
Suppose u + 19 = 2*u. Let s(t) = -10 - 7*t + u - 10 + t**2. Calculate s(6).
-7
Let q(t) = -6*t**2 + t + 9. Suppose 16*a - 9*a - 35 = 0. Let c(f) = f**2 - 1. Let v(p) = a*c(p) + q(p). Calculate v(3).
-2
Suppose 2*p - p + 1 = 0. Let z(w) be the third derivative of -1/10*w**6 + 8*w**2 + 0*w + 1/60*w**5 + 0 + 1/24*w**4 + 1/6*w**3. Give z(p).
13
Let v(f) be the first derivative of 2*f**2 + 13*f + 89. What is v(-10)?
-27
Let h(g) = 0*g**2 - 3*g**3 + 2 - 8*g + 1 - 4 - 6*g**2. Let p(n) = n**3 + n. Let w(t) = t**2. Let o(c) = p(c) + w(c). Let d(x) = h(x) + 6*o(x). Determine d(-1).
-2
Let h(w) be the first derivative of 5*w**2/2 - 13*w + 94. What is h(4)?
7
Let v(u) = 2*u**2 - 18*u - 27. Suppose -53 = -6*r + 7. Determine v(r).
-7
Let v be 4 + (-2)/(-5)*-10. Let n(s) be the third derivative of -2/3*s**3 + 0 - 8*s**2 + v*s - 1/60*s**5 - 1/8*s**4. Give n(-3).
-4
Let w(l) be the third derivative of -l**5/60 + l**4/8 + 2*l**3/3 - 10*l**2. Let m be (-3 - (-2 + -2))*5. Determine w(m).
-6
Suppose -3*l + 2 = -v + 17, 0 = 4*l + 3*v + 7. Let t = 2 - -9. Let m(s) = -t + 2 + s**3 + 4*s**2 + 5. Determine m(l).
-4
Let n be (-132)/77 + 4/(-14). Let g(k) be the first derivative of -k**4/2 + k**2/2 + 2*k + 8. What is g(n)?
16
Let b(h) = -h**3 - 7*h**2 + 7. Suppose 0 = g + 48 - 41. Give b(g).
7
Let l be (-4)/6 - 20/(-3). Suppose 0 = 3*v - 2*v - l. Let d(u) = -6*u**3 - 6*u**3 + 9*u**2 + 12*u**3 - 2*u + 4 - 3*u**2 - u**3. Calculate d(v).
-8
Let q be (-1 + -7)/4 - 4. Let n = 11 + q. Suppose 0 = -j - 2*p - n - 1, 0 = -2*j - 3*p - 9. Let o(l) = l - 6. Give o(j).
-6
Let z(s) = s**2 + 8*s + 5. Let b be (2 + -2)*(3 - 10/3). Suppose -6*y - 17 - 25 = b. Determine z(y).
-2
Let z(i) be the third derivative of -3*i**5/20 - i**4/6 + i**3/3 + 917*i**2. Give z(1).
-11
Let t(l) = -l**3 - l**2 - l. Let r(y) = 2*y**3 - 8*y**2 - 7*y. Let f(b) = -r(b) + 6*t(b). Calculate f(-1).
9
Let f(w) = w**3 - 8*w**2 + 9*w - 6. Let u = 5 - 22. Let c = 18 + u. Suppose x - 8 = -c. What is f(x)?
8
Let v(b) be the third derivative of 13*b**4/24 - b**3/6 - 4*b**2 - 1. Suppose -1 = 2*w - 3*l, 2*l = -3*w - 0*l + 5. Give v(w).
12
Let j(k) = -k**2 - 4*k - 2. Let b be j(-3). Let g(i) = b + 1 - 1 + i**3 - 3*i + i**2 - 3*i**2. Determine g(3).
1
Let s = 2 - -2. Let k(r) = 5*r - 6. Let w(f) = f - 1. Let l be (2/(-4))/(3*(-2)/(-36)). Let j(u) = l*w(u) + k(u). Calculate j(s).
5
Let l(h) = h**2 + 5*h + 13. Let z be 56/(-112)*1/(2/28). Give l(z).
27
Let i(r) be the second derivative of -3*r**3 + 5*r**2/2 + 113*r. Determine i(3).
-49
Suppose c = -l + 242, 0 = 4*c - 16. Let d(m) = 2*m - l*m**3 - 3 + 3*m**2 + 237*m**3 + 0*m. What is d(2)?
5
Let h be ((-18)/(-4))/((-1)/(-2)). Suppose 5*u - 2*u = h. Let y be (0 - 0)*u/3. Let k(t) = -t + 2. What is k(y)?
2
Let d(m) = 15*m. Let y be d(2). Suppose 5*o - 10 + y = 0. Let t(r) = 0*r - r - 30 + 29. Calculate t(o).
3
Let r(n) be the first derivative of n**3/3 - n**2/2 + 20*n + 47. What is r(0)?
20
Let g(r) be the first derivative of 2*r**3/3 - 3*r**2/2 + 6*r - 160. Calculate g(4).
26
Let y(o) = -7 + 105*o**2 + 101*o**2 - 6*o - 207*o**2. What is y(-6)?
-7
Let h(b) = 5*b**2 + 2*b + 2. Let v(r) = -14*r**2 - 5*r - 6. Let d(g) = 17*h(g) + 6*v(g). Determine d(-3).
-5
Let s(r) = -r**3 + 17*r**2 - 15*r - 11. Let j = -1080 - -1096. What is s(j)?
5
Let b(t) = -t**3 + 9*t**2 + 13*t - 25. Suppose 408 + 342 = 75*x. What is b(x)?
5
Let h(d) be the first derivative of d**3/3 - 11*d**2/2 - 6*d + 547. Calculate h(11).
-6
Let d(t) be the second derivative of t**3/3 + 5*t**2/2 + t. Let y(s) = -s**2 + 102*s + 542. Let x be y(-5). What is d(x)?
19
Let l(g) be the first derivative of -3*g**2 - 6*g + 5 + 4*g**2 - 1. Suppose 3*t - t = 12. Calculate l(t).
6
Suppose l + 6*c - 2 = c, -3*l - 7 = 2*c. Let x(r) be the third derivative of r**4/24 + 5*r**3/6 - 3*r**2. Calculate x(l).
2
Let c(p) = -p**3 + p**2 - 4. Let i(b) = b**3 - 4*b**2 - 5*b + 7. Let t be i(6). Let v = 49 - t. What is c(v)?
-4
Let z(o) = -3*o + 1. Let p(y) = -14*y + 4. Let c(q) = 2*p(q) - 9*z(q). Suppose 5 + 1 = 3*s. Calculate c(s).
-3
Let b(r) = -12*r**2 + 3*r - 2. Let y(z) = z**2 + 2*z - 1. Let l(u) = -b(u) + y(u). Calculate l(1).
13
Let g(l) = 5*l**3 - 4*l**2 + 3*l + 7. Let o(i) = 3*i**2 - 5 - 52*i**3 + 49*i**3 + 0 - 2*i. Let q(b) = 5*g(b) + 7*o(b). Calculate q(-1).
-4
Let w(b) = -16*b**2 + 6 - 3*b - 9*b**2 - 14*b**2 + b**3 + 35*b**2. Calculate w(4).
-6
Let l(b) be the third derivative of 0 - 1/3*b**4 + 1/120*b**6 - 12*b**2 - 1/10*b**5 + 5/3*b**3 + 0*b. Give l(7).
3
Let p(u) = -8944 + 8925 + 2*u + 0*u. Calculate p(10).
1
Let m(a) = -11*a**3 - a**2 - a + 7. Let h(t) = 10*t**3 + t**2 + t - 6. Let s(p) = -5*h(p) - 4*m(p). Let z be s(1). Let i(v) = -v**2 - 7*v - 7. Determine i(z).
-1
Let g(u) = 1 - 10 - 8*u - 5*u + 15*u. Suppose -4*y + 54 = 2*o, 1 = 2*y + 5*o - 6. Let i = 22 - y. Give g(i).
3
Suppose 4*o = 1 - 5. Let x(j) = 27*j**3 - 8*j + 20. Let c(r) = -23*r**3 + 7*r - 17. Let u(l) = -7*c(l) - 6*x(l). Calculate u(o).
1
Let a(m) = 5*m**2 + 7*m + 2. Let n(z) = 3*z**2 + 6*z + 1. Let r(j) = -2*a(j) + 3*n(j). Give r(5).
-6
Let y = 3 - -3. Let l(q) = -q**2 + 6*q + 5. Let d be l(y). Let k(p) be the second derivative of -p**5/20 + 5*p**4/12 - p**3/3 + 7*p**2/2 + 16*p. What is k(d)?
-3
Let n(b) = -2*b - 4. Let h be 5/((-10)/(-3))*160/(-60). What is n(h)?
4
Let b be (-8 - -2)*(-1)/3. Let y be (2/3)/(b/(-3)). Let g(n) = -7*n + n**2 + 5*n**3 + 0*n**3 + n**3 + 6*n - 1. Calculate g(y).
-5
Suppose 5*t - 2*i = 21, 5*t - 6 = -4*i + 27. Let g(s) be the third derivative of 1/24*s**4 + 0*s + s**2 + 0 - s**3. Determine g(t).
-1
Let f(s) = s - 1. Let i(m) = m**3 + m**2 - 5*m + 4. Let g(k) = f(k) + i(k). Let l = -597 - -599. What is g(l)?
7
Let p(f) = -2*f. Suppose -a = 3*b - 59, 5*b + 4*a - 2*a - 98 = 0. Suppose 0 = -13*t - b - 32. What is p(t)?
8
Let r(b) = -2*b + 4. Let j be r(1). Let t(k) = -4*k**2 + 5*k**2 - j*k**2 - 9 + 1. Calculate t(0).
-8
Let i(l) be the third derivative of l**5/60 - l**4/3 - 39*l**2 + 3. Let x be -21*(2/3)/1. Let v = -8 - x. Determine i(v).
-12
Let d be (-1)/4 - (-1161)/36. Suppose -16 = -4*r - d. Let m(w) = w + 1. What is m(r)?
-3
Let p(d) = d**2 - 8*d + 6. Let r(o) = o - 1. Let i(m) = p(m) + 6*r(m). Let k = -22 - -26. Determine i(k).
8
Let x = 127 + -3047/24. Let m(p) be the third derivative of 0 - 6*p**2 + 0*p - 3/20*p**5 - 1/6*p**3 - x*p**4. Give m(-1).
-9
Let z(n) = 6*n**2 - n**3 + 0*n**2 + 384*n + 2 - 766*n + 382*n. Calculate z(6).
2
Let v be ((-3)/5)/(((-4)/(-10))/(-2)). Let f(c) = -4*c + v*c + 4*c - 2*c. Let p = -2 + 1. What is 